3 - -62) + 38.
-80
What is (-17 + (9 - 5) + -20 - (-7 + -1)) + 10?
-15
-101 - (-83 - (-66 + 46))
-38
Evaluate -54 + 48 + (-7 - (8 - 1)).
-20
What is the value of -2 + 106 + (-29 - (50 + -26 + -32))?
83
What is -290 + 283 + (-16 - 3) - (-1 - -2)?
-27
What is 31 + -14 + 2 + 19 - -15?
53
Calculate -28 + (70 - 72) - 82.
-112
17 - (0 - -1) - (-48 + 68 - 27)
23
(36 - 7) + 13 - (8 - ((0 - 2) + 16))
48
What is -1 + -10 + (13 - (25 + -3) - -65)?
45
9 + -18 - ((-2 - 8) + 3) - 24
-26
(-22 - -25) + (-6 - (-16 + 9)) + 11
15
Calculate 44 + 9 + (12 + 1 - (70 + -38)).
34
What is 151 - 51 - (39 - -24)?
37
Evaluate -14 + 4 + (7 - 1) + (-189 - -165).
-28
Calculate -6 + (10 - 1 - (44 + (-30 - -21))).
-32
Calculate 0 + -2 - (-45 + 57 + (-9 - (-2 - 3))).
-10
What is -16 + (-8 + -12 + 38 - 14)?
-12
(-81 - (31 - 47)) + 2 + 2 + -1 + -6
-68
Evaluate (-29 - -2) + (-808 - -854).
19
Calculate 4 - 7 - -16 - (-77 + 46 - (-1 - -1)).
44
-23 + 13 + -29 - -68
29
What is the value of 8 + -2 + -1 - (-992 - -996) - 9?
-8
What is the value of (38 - (-5 - -3)) + 437 + -440?
37
What is the value of (38 - 1) + (-19 - -113) + -21?
110
What is 3 + (-20 - -27) + -27 + (4 - -1)?
-12
What is (-94 - -268) + -73 - 170?
-69
Evaluate 1775 + -1783 - (-1 + 1 - -9).
-17
Evaluate -5 + -6 + (-6 - 8) + 7.
-18
What is 13 + (2 - 160) - (-7 - (-10 + 8))?
-140
What is the value of 67 + -18 + -11 - -3?
41
-7 - (34 - ((75 - 33) + -93))
-92
What is the value of -178 + 318 + -45 - (0 + (0 - 0))?
95
Calculate ((0 - 0) + -39 + 33 - (-6 - -3)) + -31.
-34
34 - (-21 - 27) - 46
36
What is the value of -23 + 41 + (-15 - -27)?
30
0 + (-8 + (1 - -2) - (61 + -66)) - 41
-41
What is 41 + (37 - 86 - 15)?
-23
What is -78 - (-2095 + 2031 - (-35 + 1))?
-48
What is -178 - ((79 - 108) + -68)?
-81
What is the value of -9 - (-33 - -15 - (-15 + 8 + 2))?
4
What is 62 - (68 + -67 + 83)?
-22
385 - 291 - (-1 - 4 - (-3 - -16))
112
Calculate 62 + (12 - -1 - (855 - 865)) + (2 - 13).
74
What is the value of 0 - 3 - 52 - (-19 - (-4 - 1 - 13))?
-54
Calculate 1 - 4 - 6 - (-16 - (7 + (11 - 14))).
11
-35 - -22 - (-3 + 13 - (1 + -24))
-46
Calculate -21 + -48 + (-13 - (-24 + 1)).
-59
What is 8 - (-10 - (-14 + 7 + 6 + (55 - 8)))?
64
Evaluate (-2660 - -2769) + (-1 - 104).
4
Calculate -7 + 1 - (-10 - 15 - (14 - 103)).
-70
What is -6 + (-57 - 37) - -60?
-40
What is the value of 54 + (-24 + -12 - 19)?
-1
-59 + 19 - -63 - 52
-29
Evaluate -33 - ((20 + 0 + -10 + 0 - 10) + -6).
-27
-19 + (5 - 2 - ((0 + 3 - 10) + 18))
-27
-35 + -17 + 37 + -26 + -14
-55
What is (91 - 151) + -11 + 51?
-20
Calculate 3 - 36 - (3 + 33 + -60) - -44.
35
Evaluate -74 - (-32 - (2 + -19)).
-59
Calculate 0 + -2 + 0 - (-90 - -34 - -54).
0
Calculate 2 - (3 + -42 + -103 - -16).
128
Evaluate 48 + -66 - (-26 - -123).
-115
Evaluate -23 - (-12 - (-74 + 143)).
58
What is 2 + 0 + -5 + -2 + 6 - (387 - 398)?
12
Calculate -19 + (-76 + 143 - 47).
1
What is the value of -10 - ((45 - 97) + -1 + 8)?
35
What is 76 - (86 + -17 - 18)?
25
Evaluate 0 - 47 - (17 + (-27 - (-9 + 4) - 4)).
-38
What is (10 - (21 + -13 + -9 + 11 - 3)) + -92?
-89
Evaluate 60 + -132 + 118 + (14 - -1) + -7.
54
1 + 8 + -73 + 67 + 23 - (0 - 0)
26
What is the value of -380 + 319 - (-108 - -12)?
35
(18 - -2) + -5 + -11 + 7 + 15
26
54 - (19 + (35 - 14 - 18))
32
Evaluate (6 + -32 - -13) + 13 + -9 + 41.
32
Evaluate ((1 - -10) + 2 + 12 - -14) + -2.
37
What is (5 + 2 - 4) + -1 + 8 - (55 - -3)?
-48
Evaluate 53 + (-24 - -24) + (-1 - (-10 - -2)).
60
What is the value of 33 + -66 + 317 + -314?
-30
Calculate -5 - ((1 - -3) + 9 - 15) - -88.
85
What is the value of 2 + 80 - (1001 + -1066)?
147
(0 - -1 - 15) + (-1317 + 1280 - (-178 + -1))
128
What is the value of 11 - (-156 + (-8 - -64))?
111
Calculate 34 + -67 + 78 - 47.
-2
What is the value of 37 + (126 + 0 - 80)?
83
What is (-190 - -239) + 23 + -127?
-55
(35 - 2 - (528 + -533)) + -85
-47
Evaluate (6 + 13 + -12 - -2) + 10 + 6.
25
-32 + 21 + -25 - (2 + 4 + -14)
-28
(-2 + -3 - -70) + (-23 - -51) + -27
66
What is the value of -92 + 287 + -83 + -7?
105
What is -3 + -63 + 1 - (-12 + 19 + 14 + -33)?
-53
What is the value of -106 + 142 + 41 + -32?
45
What is the value of (7 + -17 - (-10 - 1)) + -9 - -73 - 9?
56
Calculate -3 + (13 + -11 - -5 - 17) + (-3 - -56).
40
Calculate (71 - -13) + -24 + (32 - 28).
64
Evaluate (1 - 7) + 23 - (74 + -67).
10
-16 - (-26 - 3 - -1 - 13)
25
What is the value of (1 + -112 - (32 - 37)) + (5 - (-9 - -3))?
-95
What is the value of -4 + -11 + 19 + (4 - (8 - 3)) + -52?
-49
Calculate 174 + -126 - 5 - 69.
-26
What is (1081 + -1197 - (1 + 1)) + -2 + 11?
-109
What is (-1 - -3) + 43 + (-4290 - -4258)?
13
Evaluate (-22 - 27) + 89 + -33.
7
(1 - -13) + (-8 - -3) - (-32 - -22)
19
What is (-101 - ((-4 - -19 - 16) + -4)) + 20?
-76
Calculate -1 + 115 - 31 - 34.
49
What is the value of 18 + (33 - 17) - (92 - 18)?
-40
What is the value of (3 - 7) + (-3 + 57 - (-24 + 40))?
34
What is the value of 9 - (-1 + -18 + 22 - -12)?
-6
Calculate -74 + (-17 - -1 - ((-81 - -33) + 32)).
-74
What is -55 + (3 - (-5 - 2)) + (172 - 154)?
-27
What is (38 - 1) + (-3 - 17) + 88 + -78?
27
-211 + 220 + (-62 - 52)
-105
What is -48 + 29 + 55 - 27 - (0 + 14)?
-5
Calculate -13 - (-3 + (123 - -5)) - (-14 + -6 - -13).
-131
Calculate -55 - -51 - (0 - (-3 - 2)) - (13 + -9).
-13
What is -66 - ((-6 - -20) + (-69 - -32))?
-43
Evaluate -1008 + 1098 + (-2 - (2 - 0)) - (-1 - 8).
95
Evaluate -1553 + 1672 - (12 + 5 + -3 + 2).
103
What is 27 + (31 - (16 - (8 - 18)))?
32
105 - (15 + -18 - -28 - (11 - 0))
91
Evaluate (-1 - -1) + -7 - (8 + -13 + (-9 - -12)).
-5
Calculate 6 + -10 + (21 - (20 - -7)).
-10
Calculate (-2598 - -2566) + (-23 - -1).
-54
Evaluate 20 - (-43 - -48 - 30).
45
Calculate -15 + -72 + 96 + (-1 - 12).
-4
Evaluate -21 - -4 - ((0 - 14) + 32).
-35
What is (-19 - 5 - -24) + (3 - (-2 - (-4 - -3)))?
4
What is (2 - (0 + 31)) + (1 - (-3 - -7) - 3)?
-35
Evaluate (-26 - ((-69 - 34) + -40)) + -25.
92
What is (7 + -11 - -18) + (-3 - (9 + -4))?
6
(-10 - -2 - 40) + 2 + (2 - -5)
-39
What is the value of -53 - (-83 - (-27 + -9))?
-6
What is the value of 204 + -188 + 25 + (0 - 4)?
37
Evaluate (-3 - (-81 - 4)) + (-31 - -61 - 42).
70
Evaluate 212 + -99 + (-63 - -5).
55
What is the value of -7 + ((-1 + -7 + 11 - 1) + -2 - -25)?
18
95 - ((134 - 97) + 14)
44
(-1 + 3 - 9) + (-46 - (-12 + -17))
-24
Evaluate (-14 + -162 - -217) + 0 + 37.
78
0 + -3 + -78 - (-3 + -3) - (-3 + -5)
-67
What is the value of 69 + -17 + -37 - (-2 - 3)?
20
-28 + (-9 - 9) + 22 + -2 + -18
-44
Evaluate 28 + 16 + 6 + -6.
44
Evaluate -4 - 19 - (72 + 7 + -77).
-25
What is -52 + -33 + (139 - 29)?
25
Evaluate (10 + -21 - -9) + 16 + -110 + 14.
-82
What is -2932 - -2946 - (49 - 1)?
-34
(-14 - -9) + ((-3 - -1) + -58 + 48 - -8)
-9
Evaluate -12 + -4 + -37 - (-11 + 41).
-83
What is (29 - (42 - 15) - (1 + -4 + 7)) + 2?
0
What is 8 - ((-60 - -56) + 9 + -39)?
42
49 - (8 - (19 + -65))
-5
Calculate -51 - (-6 - -6 - 1) - (30 + -40).
-40
(-3 - -16) + -43 + (-9 - -92)
53
What is -289 + 273 + 1 + 17 + 14 + 1?
17
Calculate (294 - 451) + 166 + (110 - (1 - 2)).
120
Evaluate (13 - 18) + (-18 - 1) - 0.
-24
Calculate -163 + -44 + 66 + -5 - -14.
-132
What is -1 + -18 + (13 - 7) - (-175 + 166)?
-4
Evaluate 23 + -1 + 215 + -215 + -10 + -8.
4
Calculate (2059 - 2065) + -1 + -46.
-53
Calculate -3 + 14 + -3 + 0 - -14.
22
What is the value of 13 - (-33 - (29 + -80))?
-5
Calculate -7 + (5 - -5) - 36.
-33
-1 - (0 - 9) - (54 - (-52 - -122))
24
Evaluate 5 + -4 - (17 + (1 - 21)).
4
What is the value of -21 + 13 + -8 - -27 - (10 + -6 + 125)?
-118
Calculate 0 + -5 - (-293 + 310).
-22
Evaluate (-1 + -14 - 15) + 17 - -4.
-9
What is the value of (-62 - -73 - 2) + (-33 - -1)?
-23
Evaluate 21 - (-52 - -94) - -52.
31
Calculate (0 - 33) + (11 - -36 - 57).
-43
Evaluate -4 - (-2 + 1 + -10 - (-15 - -7)).
-1
Calculate 3 + (4 - 5 - -89) + -46 + (-66 - -98).
77
What is 1370 + -1335 + -10 + -119?
-94
What is the value of -25 + (-6 - -46) + -6 + -38?
-29
Calculate 62 + 22 + -6 + -58.
20
Evaluate 10 + -44 + -11 + (-12 - -5) + 8.
-44
-19 + 12 + (-7 - -62 - 8)
40
Calculate -42 + (-20 - -29 - -6 - 2).
-29
What is the value of (12 - (10 - -15)) + (-37 - -71)?
21
What is 3 + 17 + 17 + (-50 - 10)?
-23
Calculate -21 + (-1 + (0 - -9) - -10) + -5.
-8
What is -23 - -61 - -42 - 21?
59
What is the value of 40 + (19 + 22 - 58) -